{"id":4620,"date":"2014-12-28T19:22:42","date_gmt":"2014-12-28T17:22:42","guid":{"rendered":"http:\/\/singbergschule-woelfersheim.de\/wordpress\/?page_id=4620"},"modified":"2023-05-30T09:43:01","modified_gmt":"2023-05-30T07:43:01","slug":"sportklassen-5-6","status":"publish","type":"page","link":"https:\/\/singbergschule-woelfersheim.de\/?page_id=4620","title":{"rendered":"Sportklassen 5 &#038; 6"},"content":{"rendered":"<p>Die Sportklassen wurden im Schuljahr 2010\/2011 neu eingef\u00fchrt. Somit hat die Singbergschule neben dem Schwerpunkt Musik auch einen Schwerpunkt im Fach Sport &#8211; ein weiteres Herzst\u00fcck unseres Schulprogramms.<\/p>\n<p>Die Sportklassen, eine im Gymnasialbereich und eine im F\u00f6rderstufenbereich, beginnen in der Jahrgangsstufe 5, enden mit der Jahrgangsstufe 6 und sind verbindlich. Sie haben 5 Wochenstunden Sport, drei Stunden Sport finden am Vormittag und zwei Stunden am Nachmittag statt. Am Nachmittag \u00f6ffnet sich die Schule und die Singbergschule steht in Kooperation mit mehreren Vereinen. Bisher bestehen schon Kooperationen mit dem Tennisverein TC W\u00f6lfersheim, dem Leichtathletikverein von Friedberg-Fauerbach, dem Handballverein HSG Wettertal, dem Baseballverein Friedberg Braves und dem Eishockeyverein Bad Nauheim sowie dem Fu\u00dfball-verein VFR Wetterau.<br \/>\nDie Sch\u00fcler sollten zum Ende ihrer Grundschulzeit mindestens gute Leistungen im Fach Sport sowie im Arbeits- und Sozialverhalten erreicht haben, um in eine Sportklasse aufgenommen zu werden.<br \/>\nVoraussetzungen f\u00fcr die Aufnahme sind zum einen die Eignung f\u00fcr die jeweilige Schulform, zum anderen eine gesundheitliche Eignung (sport-\u00e4rztliche Untersuchung ist verpflichtend) und besonders der Sporttest, den die zuk\u00fcnftigen Sch\u00fcler jeweils zum Ende der 4. Klasse im Juni\/Juli an der Singbergschule ablegen. Hier werden 10 verschiedene \u00dcbungen abgefragt.<\/p>\n<p>Bei einem Klick auf das pdf-Symbol k\u00f6nnen Sie sehen, welche \u00dcbungen in diesem Jahr getestet werden. Sie finden auch n\u00e4here Informationen zum Termin am 16. Juni\u00a0 und zur Durchf\u00fchrung. Beginn ist 13:30 in der Singberghalle, bitte Hallenschuhe und Sportsachen mitbringen.<\/p>\n<p><a href=\"https:\/\/singbergschule-woelfersheim.de\/wp-content\/uploads\/Aufnahmetest-Sportklasse.pdf\"><img loading=\"lazy\" decoding=\"async\" class=\"aligncenter wp-image-3887 size-full\" src=\"https:\/\/singbergschule-woelfersheim.de\/wp-content\/uploads\/hilfsgrafiken\/pdfxs-red.png\" alt=\"pdfxs-red\" width=\"18\" height=\"18\" \/><\/a><\/p>\n<p>Neben den vielen zus\u00e4tzlichen Sportarten au\u00dferhalb des Sportkanons sind auch einige au\u00dferschulische Aktionen im Programm: Grillabende mit den Eltern (V\u00f6lkerballturnier), Besuch der FFM Skyliners (Kids tunnel), Fackelwanderung mit anschlie\u00dfendem gemeinsamen Essen, Teilnahme an OVAG-Sprint-Cups, Stadionbesuch Eintracht Frankfurt, Spielbesuch Eishockey Bad Nauheim sowie eine Kanutour mit der Elternschaft.<br \/>\nDie genaue Information zum Sporttest erhalten die Eltern mit der Best\u00e4tigung der Anmeldung. Weitere Informationen finden Sie auch unter dem Punkt Neuanmeldungen.<\/p>\n","protected":false},"excerpt":{"rendered":"<p>Die Sportklassen wurden im Schuljahr 2010\/2011 neu eingef\u00fchrt. Somit hat die Singbergschule neben dem Schwerpunkt Musik auch einen Schwerpunkt im Fach Sport &#8211; ein weiteres Herzst\u00fcck unseres Schulprogramms. Die Sportklassen, eine im Gymnasialbereich und eine im F\u00f6rderstufenbereich, beginnen in der Jahrgangsstufe 5, enden mit der Jahrgangsstufe 6 und sind verbindlich. Sie haben 5 Wochenstunden Sport, drei Stunden Sport finden am Vormittag und zwei Stunden am Nachmittag statt. Am Nachmittag \u00f6ffnet sich die Schule und die Singbergschule steht in Kooperation mit mehreren Vereinen. Bisher bestehen schon Kooperationen mit dem Tennisverein TC W\u00f6lfersheim, dem Leichtathletikverein von Friedberg-Fauerbach, dem Handballverein HSG Wettertal, dem Baseballverein Friedberg Braves und dem Eishockeyverein Bad Nauheim sowie dem Fu\u00dfball-verein VFR Wetterau. Die Sch\u00fcler sollten zum Ende ihrer Grundschulzeit mindestens gute Leistungen im Fach Sport sowie im Arbeits- und Sozialverhalten erreicht haben, um in eine Sportklasse aufgenommen zu werden. Voraussetzungen f\u00fcr die Aufnahme sind zum einen die Eignung f\u00fcr die jeweilige Schulform, zum anderen eine gesundheitliche Eignung (sport-\u00e4rztliche Untersuchung ist verpflichtend) und besonders der Sporttest, den die zuk\u00fcnftigen Sch\u00fcler jeweils zum Ende der 4. Klasse im Juni\/Juli an der Singbergschule ablegen. Hier werden 10 verschiedene \u00dcbungen abgefragt. Bei einem Klick auf das pdf-Symbol k\u00f6nnen Sie sehen, welche \u00dcbungen in diesem Jahr getestet werden. Sie finden auch n\u00e4here Informationen zum Termin am 16. Juni\u00a0 und zur Durchf\u00fchrung. Beginn ist 13:30 in der Singberghalle, bitte Hallenschuhe und Sportsachen mitbringen. Neben den vielen zus\u00e4tzlichen Sportarten au\u00dferhalb des Sportkanons sind auch einige au\u00dferschulische Aktionen im Programm: Grillabende mit den Eltern (V\u00f6lkerballturnier), Besuch der FFM Skyliners (Kids tunnel), Fackelwanderung mit anschlie\u00dfendem gemeinsamen Essen, Teilnahme an OVAG-Sprint-Cups, Stadionbesuch Eintracht Frankfurt, Spielbesuch Eishockey Bad Nauheim sowie eine Kanutour mit der Elternschaft. Die genaue Information zum Sporttest erhalten die Eltern mit der Best\u00e4tigung der Anmeldung. Weitere Informationen finden Sie auch unter dem Punkt Neuanmeldungen.<\/p>\n","protected":false},"author":1,"featured_media":0,"parent":0,"menu_order":0,"comment_status":"closed","ping_status":"open","template":"","meta":{"footnotes":""},"class_list":["post-4620","page","type-page","status-publish","hentry"],"_links":{"self":[{"href":"https:\/\/singbergschule-woelfersheim.de\/index.php?rest_route=\/wp\/v2\/pages\/4620","targetHints":{"allow":["GET"]}}],"collection":[{"href":"https:\/\/singbergschule-woelfersheim.de\/index.php?rest_route=\/wp\/v2\/pages"}],"about":[{"href":"https:\/\/singbergschule-woelfersheim.de\/index.php?rest_route=\/wp\/v2\/types\/page"}],"author":[{"embeddable":true,"href":"https:\/\/singbergschule-woelfersheim.de\/index.php?rest_route=\/wp\/v2\/users\/1"}],"replies":[{"embeddable":true,"href":"https:\/\/singbergschule-woelfersheim.de\/index.php?rest_route=%2Fwp%2Fv2%2Fcomments&post=4620"}],"version-history":[{"count":11,"href":"https:\/\/singbergschule-woelfersheim.de\/index.php?rest_route=\/wp\/v2\/pages\/4620\/revisions"}],"predecessor-version":[{"id":9070581,"href":"https:\/\/singbergschule-woelfersheim.de\/index.php?rest_route=\/wp\/v2\/pages\/4620\/revisions\/9070581"}],"wp:attachment":[{"href":"https:\/\/singbergschule-woelfersheim.de\/index.php?rest_route=%2Fwp%2Fv2%2Fmedia&parent=4620"}],"curies":[{"name":"wp","href":"https:\/\/api.w.org\/{rel}","templated":true}]}}