{"id":4498,"date":"2014-12-23T02:27:11","date_gmt":"2014-12-23T00:27:11","guid":{"rendered":"http:\/\/singbergschule-woelfersheim.de\/wordpress\/?page_id=4498"},"modified":"2014-12-26T12:42:13","modified_gmt":"2014-12-26T10:42:13","slug":"blaeserteam-5","status":"publish","type":"page","link":"https:\/\/singbergschule-woelfersheim.de\/?page_id=4498","title":{"rendered":"Bl\u00e4serteam 5"},"content":{"rendered":"<p style=\"text-align: justify;\"><a href=\"http:\/\/singbergschule-woelfersheim.de\/wp-content\/uploads\/IMG_6172.jpg\"><img loading=\"lazy\" decoding=\"async\" class=\"alignleft wp-image-4048 size-medium\" src=\"http:\/\/singbergschule-woelfersheim.de\/wp-content\/uploads\/IMG_6172-300x296.jpg\" alt=\"IMG_6172\" width=\"300\" height=\"296\" srcset=\"https:\/\/singbergschule-woelfersheim.de\/wp-content\/uploads\/IMG_6172-300x296.jpg 300w, https:\/\/singbergschule-woelfersheim.de\/wp-content\/uploads\/IMG_6172.jpg 700w\" sizes=\"auto, (max-width: 300px) 100vw, 300px\" \/><\/a>Jedes Schuljahr besteht f\u00fcr alle neuen Sch\u00fclerinnen und Sch\u00fcler der Schule im Jahrgang 5 die M\u00f6glichkeit, ein Blasinstrument zu lernen. Daf\u00fcr gibt es einen Schnuppertag gegen Ende der 4. Klasse, um herauszufinden, welches Instrument einem Sch\u00fcler liegt. Zu Beginn der Klasse 5 werden dann erneut alle Instrumente getestet bis endg\u00fcltig feststeht, welches Instrument das richtige ist.<\/p>\n<p style=\"text-align: justify;\">Frau Kaizani und Frau Dern leiten abwechselnd das Bl\u00e4serteam 5. Die Registerproben f\u00fchren ausgebilderte Musikschullehrer am Schulvormittag durch und einmal pro Woche findet eine gemeinsame Probe am Nachmittag statt. Der erste gro\u00dfe Auftritt der jungen Musiker ist das j\u00e4hrliche Nikolauskonzert Anfang Dezember. Weitere Auftritte in regelm\u00e4\u00dfigen Abst\u00e4nden folgen und tragen ma\u00dfgeblich zum Spa\u00df und Erfolg der Bl\u00e4sergruppen bei.<\/p>\n<p style=\"text-align: justify;\">Der Vertrag wird \u00fcber einen Zeitraum von 2 Schuljahren (5. und 6. Klasse) mit dem F\u00f6rderverein verbindlich geschlossen. Das Formular hierzu ist bei Herrn Scholz, unserem Musikkoordinator, erh\u00e4ltlich und kann ebenfalls im Servicebereich heruntergeladen werden.<\/p>\n<p style=\"text-align: justify;\">Viele Bl\u00e4ser und Bl\u00e4serinnen verfolgen ihre Ausbildung und die Freude am gemeinsamen Musizieren nach der 6. Klasse im Schulorchester der Schule.<\/p>\n","protected":false},"excerpt":{"rendered":"<p>Jedes Schuljahr besteht f\u00fcr alle neuen Sch\u00fclerinnen und Sch\u00fcler der Schule im Jahrgang 5 die M\u00f6glichkeit, ein Blasinstrument zu lernen. Daf\u00fcr gibt es einen Schnuppertag gegen Ende der 4. Klasse, um herauszufinden, welches Instrument einem Sch\u00fcler liegt. Zu Beginn der Klasse 5 werden dann erneut alle Instrumente getestet bis endg\u00fcltig feststeht, welches Instrument das richtige ist. Frau Kaizani und Frau Dern leiten abwechselnd das Bl\u00e4serteam 5. Die Registerproben f\u00fchren ausgebilderte Musikschullehrer am Schulvormittag durch und einmal pro Woche findet eine gemeinsame Probe am Nachmittag statt. Der erste gro\u00dfe Auftritt der jungen Musiker ist das j\u00e4hrliche Nikolauskonzert Anfang Dezember. Weitere Auftritte in regelm\u00e4\u00dfigen Abst\u00e4nden folgen und tragen ma\u00dfgeblich zum Spa\u00df und Erfolg der Bl\u00e4sergruppen bei. Der Vertrag wird \u00fcber einen Zeitraum von 2 Schuljahren (5. und 6. Klasse) mit dem F\u00f6rderverein verbindlich geschlossen. Das Formular hierzu ist bei Herrn Scholz, unserem Musikkoordinator, erh\u00e4ltlich und kann ebenfalls im Servicebereich heruntergeladen werden. Viele Bl\u00e4ser und Bl\u00e4serinnen verfolgen ihre Ausbildung und die Freude am gemeinsamen Musizieren nach der 6. Klasse im Schulorchester der Schule.<\/p>\n","protected":false},"author":2,"featured_media":0,"parent":0,"menu_order":0,"comment_status":"closed","ping_status":"open","template":"","meta":{"footnotes":""},"class_list":["post-4498","page","type-page","status-publish","hentry"],"_links":{"self":[{"href":"https:\/\/singbergschule-woelfersheim.de\/index.php?rest_route=\/wp\/v2\/pages\/4498","targetHints":{"allow":["GET"]}}],"collection":[{"href":"https:\/\/singbergschule-woelfersheim.de\/index.php?rest_route=\/wp\/v2\/pages"}],"about":[{"href":"https:\/\/singbergschule-woelfersheim.de\/index.php?rest_route=\/wp\/v2\/types\/page"}],"author":[{"embeddable":true,"href":"https:\/\/singbergschule-woelfersheim.de\/index.php?rest_route=\/wp\/v2\/users\/2"}],"replies":[{"embeddable":true,"href":"https:\/\/singbergschule-woelfersheim.de\/index.php?rest_route=%2Fwp%2Fv2%2Fcomments&post=4498"}],"version-history":[{"count":5,"href":"https:\/\/singbergschule-woelfersheim.de\/index.php?rest_route=\/wp\/v2\/pages\/4498\/revisions"}],"predecessor-version":[{"id":4552,"href":"https:\/\/singbergschule-woelfersheim.de\/index.php?rest_route=\/wp\/v2\/pages\/4498\/revisions\/4552"}],"wp:attachment":[{"href":"https:\/\/singbergschule-woelfersheim.de\/index.php?rest_route=%2Fwp%2Fv2%2Fmedia&parent=4498"}],"curies":[{"name":"wp","href":"https:\/\/api.w.org\/{rel}","templated":true}]}}