{"id":121,"date":"2014-10-06T23:06:04","date_gmt":"2014-10-06T21:06:04","guid":{"rendered":"http:\/\/singbergschule-woelfersheim.de\/wordpress\/?page_id=121"},"modified":"2024-08-26T21:04:29","modified_gmt":"2024-08-26T19:04:29","slug":"personalrat","status":"publish","type":"page","link":"https:\/\/singbergschule-woelfersheim.de\/?page_id=121","title":{"rendered":"Personalrat"},"content":{"rendered":"<h3>Ansprechpartner f\u00fcr alle Kolleginnen und Kollegen und die Schulleitung<\/h3>\n<p>&nbsp;<\/p>\n<p><img loading=\"lazy\" decoding=\"async\" class=\"aligncenter wp-image-11755710 size-full\" src=\"https:\/\/singbergschule-woelfersheim.de\/wp-content\/uploads\/PR-Foto-k-neu.jpg\" alt=\"\" width=\"638\" height=\"704\" srcset=\"https:\/\/singbergschule-woelfersheim.de\/wp-content\/uploads\/PR-Foto-k-neu.jpg 638w, https:\/\/singbergschule-woelfersheim.de\/wp-content\/uploads\/PR-Foto-k-neu-300x331.jpg 300w\" sizes=\"auto, (max-width: 638px) 100vw, 638px\" \/><\/p>\n<p>Der amtierende Personalrat der Singbergschule bildet ein wichtiges Bindeglied zwischen dem von ihm zu vertretenden Kollegium und der Schulleitung. Das Team aus f\u00fcnf Kolleginnen und Kollegen besteht aus Vertretern aller Schulzweige. Diese Tatsache sowie die Zusammensetzung aus erfahreneren und jungen Kollegen und Kolleginnen wirken sich positiv auf das gemeinsame Schaffen aus.<\/p>\n<p>Die Vertreterinnen und Vertreter unseres Personalrats, unter dem Vorsitz von Regina Gro\u00df, sind Ansprechpartnerinnen und -partner f\u00fcr das Kollegium und auch die Schulleitung. Gemeinsam sind Erik Delhey, Diana Gerlinger, Regina Gro\u00df, Benedict Lind und Athina M\u00fcller zust\u00e4ndig f\u00fcr die pers\u00f6nlichen Belange des Kollegiums in allen Lebenslagen. Sie organisieren und begleiten Veranstaltungen f\u00fcr das Kollegium, regeln die Finanzen der \u201eFreud und Leid Kasse\u201c, und sorgen daf\u00fcr, dass kein Jubilar oder Geburtstagskind unbedacht bleibt.<\/p>\n<p>&nbsp;<\/p>\n<p>&nbsp;<\/p>\n","protected":false},"excerpt":{"rendered":"<p>Ansprechpartner f\u00fcr alle Kolleginnen und Kollegen und die Schulleitung &nbsp; Der amtierende Personalrat der Singbergschule bildet ein wichtiges Bindeglied zwischen dem von ihm zu vertretenden Kollegium und der Schulleitung. Das Team aus f\u00fcnf Kolleginnen und Kollegen besteht aus Vertretern aller Schulzweige. Diese Tatsache sowie die Zusammensetzung aus erfahreneren und jungen Kollegen und Kolleginnen wirken sich positiv auf das gemeinsame Schaffen aus. Die Vertreterinnen und Vertreter unseres Personalrats, unter dem Vorsitz von Regina Gro\u00df, sind Ansprechpartnerinnen und -partner f\u00fcr das Kollegium und auch die Schulleitung. Gemeinsam sind Erik Delhey, Diana Gerlinger, Regina Gro\u00df, Benedict Lind und Athina M\u00fcller zust\u00e4ndig f\u00fcr die pers\u00f6nlichen Belange des Kollegiums in allen Lebenslagen. Sie organisieren und begleiten Veranstaltungen f\u00fcr das Kollegium, regeln die Finanzen der \u201eFreud und Leid Kasse\u201c, und sorgen daf\u00fcr, dass kein Jubilar oder Geburtstagskind unbedacht bleibt. &nbsp; &nbsp;<\/p>\n","protected":false},"author":2,"featured_media":4082022,"parent":0,"menu_order":0,"comment_status":"closed","ping_status":"open","template":"","meta":{"footnotes":""},"class_list":["post-121","page","type-page","status-publish","has-post-thumbnail","hentry"],"_links":{"self":[{"href":"https:\/\/singbergschule-woelfersheim.de\/index.php?rest_route=\/wp\/v2\/pages\/121","targetHints":{"allow":["GET"]}}],"collection":[{"href":"https:\/\/singbergschule-woelfersheim.de\/index.php?rest_route=\/wp\/v2\/pages"}],"about":[{"href":"https:\/\/singbergschule-woelfersheim.de\/index.php?rest_route=\/wp\/v2\/types\/page"}],"author":[{"embeddable":true,"href":"https:\/\/singbergschule-woelfersheim.de\/index.php?rest_route=\/wp\/v2\/users\/2"}],"replies":[{"embeddable":true,"href":"https:\/\/singbergschule-woelfersheim.de\/index.php?rest_route=%2Fwp%2Fv2%2Fcomments&post=121"}],"version-history":[{"count":19,"href":"https:\/\/singbergschule-woelfersheim.de\/index.php?rest_route=\/wp\/v2\/pages\/121\/revisions"}],"predecessor-version":[{"id":11755712,"href":"https:\/\/singbergschule-woelfersheim.de\/index.php?rest_route=\/wp\/v2\/pages\/121\/revisions\/11755712"}],"wp:featuredmedia":[{"embeddable":true,"href":"https:\/\/singbergschule-woelfersheim.de\/index.php?rest_route=\/wp\/v2\/media\/4082022"}],"wp:attachment":[{"href":"https:\/\/singbergschule-woelfersheim.de\/index.php?rest_route=%2Fwp%2Fv2%2Fmedia&parent=121"}],"curies":[{"name":"wp","href":"https:\/\/api.w.org\/{rel}","templated":true}]}}