{"id":10045,"date":"2017-11-18T19:31:45","date_gmt":"2017-11-18T18:31:45","guid":{"rendered":"http:\/\/singbergschule-woelfersheim.de\/?page_id=10045"},"modified":"2023-04-25T21:31:44","modified_gmt":"2023-04-25T19:31:44","slug":"das-arbeitsamt-beraet","status":"publish","type":"page","link":"https:\/\/singbergschule-woelfersheim.de\/?page_id=10045","title":{"rendered":"Die Arbeitsagentur ber\u00e4t"},"content":{"rendered":"<h2><span style=\"color: #800000;\"><strong>Berufs- und Studienberatung f\u00fcr den Gymnasialzweig\u201c<\/strong> <\/span><\/h2>\n<p>&nbsp;<\/p>\n<p><a title=\"Die Bundesagentur f\u00fcr Arbeit informiert und ber\u00e4t zu allen Fragen rund um die Themen Berufsausbildung und Studium an dieser Schule. Weitere Informationen dazu im Portal der Bundesagentur f\u00fcr Arbeit.\" href=\"https:\/\/www.arbeitsagentur.de\/vor-ort\/giessen\/singbergschule-woelfersheim-sek2?pk_campaign=schulwebsite\"><img decoding=\"async\" src=\"https:\/\/www.arbeitsagentur.de\/vor-ort\/giessen\/media\/l\/schul-bild-banner\" alt=\"Die Bundesagentur f\u00fcr Arbeit informiert und ber\u00e4t zu allen Fragen rund um die Themen Berufsausbildung und Studium an dieser Schule. Weitere Informationen dazu im Portal der Bundesagentur f\u00fcr Arbeit.\" width=\"100%\" height=\"auto\" \/><\/a><\/p>\n<p>Die zust\u00e4ndige Ansprechpartnerin f\u00fcr die Singbergschule ist :<\/p>\n<h2><b>Tabea Moos<\/b><\/h2>\n<p>Berufs- und Studienberaterin<\/p>\n<p>Team 152<b><\/b><\/p>\n<p><span lang=\"IT\">Telefon: 06042-9620-32<\/span><\/p>\n<p><span lang=\"IT\">E-Mail: <a href=\"mailto:Tabea.Moos@arbeitsagentur.de\">Tabea.Moos@arbeitsagentur.de<\/a><\/span><\/p>\n<p><span lang=\"IT\"><a href=\"mailto:Berufsberatung.Wetteraukreis@arbeitsagentur.de\">Berufsberatung.Wetteraukreis@arbeitsagentur.de<\/a><\/span><\/p>\n<p><span lang=\"IT\">Internet: <a href=\"x-webdoc:\/\/2488FE30-E526-4227-902D-71D92B4E4F5D\/www.arbeitsagentur.de\">www.arbeitsagentur.de<\/a><\/span><\/p>\n<p>&nbsp;<\/p>\n<p><b>Besucheradresse<\/b><\/p>\n<p>Agentur f\u00fcr Arbeit Friedberg<\/p>\n<p>Leonhardstr. 17<\/p>\n<p>61169 Friedberg<\/p>\n<p>&nbsp;<\/p>\n<p>* <b>Postanschrift<\/b><\/p>\n<p>Agentur f\u00fcr Arbeit Gie\u00dfen<\/p>\n<p>35384 Gie\u00dfen<\/p>\n","protected":false},"excerpt":{"rendered":"<p>Berufs- und Studienberatung f\u00fcr den Gymnasialzweig\u201c &nbsp; Die zust\u00e4ndige Ansprechpartnerin f\u00fcr die Singbergschule ist : Tabea Moos Berufs- und Studienberaterin Team 152 Telefon: 06042-9620-32 E-Mail: Tabea.Moos@arbeitsagentur.de Berufsberatung.Wetteraukreis@arbeitsagentur.de Internet: www.arbeitsagentur.de &nbsp; Besucheradresse Agentur f\u00fcr Arbeit Friedberg Leonhardstr. 17 61169 Friedberg &nbsp; * Postanschrift Agentur f\u00fcr Arbeit Gie\u00dfen 35384 Gie\u00dfen<\/p>\n","protected":false},"author":1,"featured_media":0,"parent":5745,"menu_order":0,"comment_status":"closed","ping_status":"closed","template":"","meta":{"footnotes":""},"class_list":["post-10045","page","type-page","status-publish","hentry"],"_links":{"self":[{"href":"https:\/\/singbergschule-woelfersheim.de\/index.php?rest_route=\/wp\/v2\/pages\/10045","targetHints":{"allow":["GET"]}}],"collection":[{"href":"https:\/\/singbergschule-woelfersheim.de\/index.php?rest_route=\/wp\/v2\/pages"}],"about":[{"href":"https:\/\/singbergschule-woelfersheim.de\/index.php?rest_route=\/wp\/v2\/types\/page"}],"author":[{"embeddable":true,"href":"https:\/\/singbergschule-woelfersheim.de\/index.php?rest_route=\/wp\/v2\/users\/1"}],"replies":[{"embeddable":true,"href":"https:\/\/singbergschule-woelfersheim.de\/index.php?rest_route=%2Fwp%2Fv2%2Fcomments&post=10045"}],"version-history":[{"count":10,"href":"https:\/\/singbergschule-woelfersheim.de\/index.php?rest_route=\/wp\/v2\/pages\/10045\/revisions"}],"predecessor-version":[{"id":8987920,"href":"https:\/\/singbergschule-woelfersheim.de\/index.php?rest_route=\/wp\/v2\/pages\/10045\/revisions\/8987920"}],"up":[{"embeddable":true,"href":"https:\/\/singbergschule-woelfersheim.de\/index.php?rest_route=\/wp\/v2\/pages\/5745"}],"wp:attachment":[{"href":"https:\/\/singbergschule-woelfersheim.de\/index.php?rest_route=%2Fwp%2Fv2%2Fmedia&parent=10045"}],"curies":[{"name":"wp","href":"https:\/\/api.w.org\/{rel}","templated":true}]}}